61517142?
2
What is the thousands digit of 26879577?
9
What is the millions digit of 69209882?
9
What is the ten thousands digit of 1900022080?
2
What is the ten thousands digit of 70309914?
0
What is the hundred millions digit of 367866098?
3
What is the units digit of 5817955?
5
What is the ten millions digit of 236379107?
3
What is the hundreds digit of 2604079519?
5
What is the ten thousands digit of 90385094?
8
What is the hundred millions digit of 832075096?
8
What is the hundreds digit of 33669246?
2
What is the tens digit of 1368822294?
9
What is the ten millions digit of 2966944287?
6
What is the ten thousands digit of 353542597?
4
What is the ten thousands digit of 2454100269?
0
What is the hundreds digit of 31162501?
5
What is the ten thousands digit of 24451139?
5
What is the ten millions digit of 2988533672?
8
What is the millions digit of 24225314?
4
What is the thousands digit of 554518174?
8
What is the millions digit of 99118959?
9
What is the tens digit of 18799423?
2
What is the hundred thousands digit of 2828626519?
6
What is the millions digit of 761889036?
1
What is the hundred millions digit of 115029346?
1
What is the ten thousands digit of 56628213?
2
What is the ten millions digit of 13026344?
1
What is the units digit of 1725328311?
1
What is the thousands digit of 2066328054?
8
What is the hundred thousands digit of 95301146?
3
What is the hundred thousands digit of 174176860?
1
What is the hundreds digit of 153533830?
8
What is the thousands digit of 61473044?
3
What is the hundred millions digit of 4274651544?
2
What is the ten millions digit of 196067018?
9
What is the hundreds digit of 47592781?
7
What is the thousands digit of 164494345?
4
What is the hundred thousands digit of 252880945?
8
What is the units digit of 289575846?
6
What is the units digit of 3436954454?
4
What is the thousands digit of 20000496?
0
What is the ten thousands digit of 7606566?
0
What is the units digit of 146017677?
7
What is the millions digit of 144586242?
4
What is the ten thousands digit of 701631470?
3
What is the hundred millions digit of 110573125?
1
What is the units digit of 55476153?
3
What is the ten thousands digit of 477805955?
0
What is the hundreds digit of 27456142?
1
What is the hundred thousands digit of 192244999?
2
What is the tens digit of 715102685?
8
What is the hundreds digit of 134489529?
5
What is the hundred millions digit of 1522373279?
5
What is the hundred millions digit of 1009016452?
0
What is the millions digit of 4616316049?
6
What is the units digit of 5361421?
1
What is the ten millions digit of 48495112?
4
What is the hundred thousands digit of 1341114696?
1
What is the billions digit of 1803033566?
1
What is the millions digit of 469563072?
9
What is the tens digit of 20529094?
9
What is the units digit of 49082571?
1
What is the hundred millions digit of 2652388601?
6
What is the billions digit of 2006309365?
2
What is the millions digit of 1729301111?
9
What is the hundreds digit of 32206310?
3
What is the hundred thousands digit of 7570688?
5
What is the ten thousands digit of 36596983?
9
What is the hundred thousands digit of 134013145?
0
What is the millions digit of 9243593?
9
What is the ten thousands digit of 3092781120?
8
What is the hundred thousands digit of 1903709574?
7
What is the ten thousands digit of 487134762?
3
What is the tens digit of 1019881018?
1
What is the hundred thousands digit of 637004804?
0
What is the hundreds digit of 119939729?
7
What is the hundred millions digit of 590256500?
5
What is the ten thousands digit of 73897587?
9
What is the ten thousands digit of 1345192310?
9
What is the hundred thousands digit of 172970525?
9
What is the millions digit of 141236304?
1
What is the hundred millions digit of 120378468?
1
What is the tens digit of 96150487?
8
What is the hundred thousands digit of 1485701693?
7
What is the hundreds digit of 33579481?
4
What is the units digit of 300554348?
8
What is the hundred thousands digit of 544270161?
2
What is the hundred millions digit of 303118412?
3
What is the millions digit of 67258071?
7
What is the thousands digit of 1328899388?
9
What is the thousands digit of 2577297310?
7
What is the ten millions digit of 104620223?
0
What is the units digit of 62328369?
9
What is the hundred millions digit of 339971364?
3
What is the thousands digit of 29596646?
6
What is the units digit of 409860244?
4
What is the ten millions digit of 3176799079?
7
What is the ten millions digit of 49206672?
4
What is the millions digit of 70188834?
0
What is the tens digit of 27562523?
2
What is the hundreds digit of 222960293?
2
What is the millions digit of 1424069379?
4
What is the hundreds digit of 2156325203?
2
What is the hundreds digit of 347138479?
4
What is the ten millions digit of 571837417?
7
What is the millions digit of 2784040981?
4
What is the hundreds digit of 197084341?
3
What is the millions digit of 172164797?
2
What is the ten thousands digit of 502661825?
6
What is the thousands digit of 110885993?
5
What is the hundreds digit of 13540631?
6
What is the tens digit of 5955373413?
1
What is the hundreds digit of 5113163907?
9
What is the thousands digit of 5317941500?
1
What is the ten millions digit of 210594287?
1
What is the hundreds digit of 363701489?
4
What is the hundred thousands digit of 628237550?
2
What is the tens digit of 941021625?
2
What is the tens digit of 621507483?
8
What is the hundred millions digit of 1131552389?
1
What is the hundred thousands digit of 3832497528?
4
What is the millions digit of 198192364?
8
What is the ten thousands digit of 3336122?
3
What is the millions digit of 222327187?
2
What is the units digit of 635486550?
0
What is the hundred thousands digit of 115661945?
6
What is the hundred thousands digit of 298459625?
4
What is the hundreds digit of 912963939?
9
What is the ten millions digit of 85545653?
8
What is the ten thousands digit of 672899?
7
What is the units digit of 468855629?
9
What is the thousands digit of 2763380375?
0
What is the ten millions digit of 438028568?
3
What is the ten thousands digit of 440122963?
2
What is the thousands digit of 61901349?
1
What is the millions digit of 1682109450?
2
What is the ten millions digit of 861899975?
6
What is the ten millions digit of 846417288?
4
What is the hundred thousands digit of 28328427?
3
What is the millions digit of 81549686?
1
What is the hundred thousands digit of 7767473?
7
What is the hundred millions digit of 279276054?
2
What is the hundred thousands digit of 131060240?
0
What is the hundred millions digit of 173617881?
1
What is the millions digit of 903335895?
3
What is the millions digit of 740329398?
0
What is the thousands digit of 477147243?
7
What is the billions digit of 7280880853?
7
What is the hundreds digit of 2206565789?
7
What is the hundred thousands digit of 51992000?
9
What is the tens digit of 372377938?
3
What is the hundreds digit of 10000468?
4
What is the hundreds digit of 367687016?
0
What is the hundreds digit of 649266126?
1
What is the hundred thousands digit of 2903309098?
3
What is the hundred thousands digit of 15168857?
1
What is the hundred thousands digit of 158639804?
6
What is the hundreds digit of 1257887291?
2
What is the units digit of 57449219?
9
What is the hundred millions digit of 224898853?
2
What is the units digit of 212751311?
1
What is the units digit of 232340595?
5
What is the ten millions digit of 38590494?
3
What is the units digit of 1476395792?
2
What is the millions digit of 10778340?
0
What is the millions digit of 3029374377?
9
What is the ten thousands digit of 5289313061?
1
What is the tens digit of 522719454?
5
What is the hundred thousands digit of 5372429259?
4
What is the ten millions digit of 153841298?
5
What is the hundreds digit of 585414300?
3
What is the hundred thousands digit of 819141151?
1
What is the millions digit of 54559846?
4
What is the hundred thousands digit of 172716658?
7
What is the ten thousands digit of 352886030?
8
What is the hundreds digit of 48839793?
7
What is the millions digit of 1012686926?
2
What is the ten millions digit of 632431170?
3
What is the units digit of 4205988557?
7
What is the hundred millions digit of 28